base 2) in base 5?
-11303
Convert -23444 (base 5) to base 12.
-1019
What is 100 (base 7) in base 3?
1211
Convert 102120002 (base 3) to base 4.
2003222
-1781 (base 12) to base 13
-139c
-30342 (base 8) to base 7
-51325
Convert -32337 (base 10) to base 9.
-48320
What is -101010111 (base 2) in base 5?
-2333
-102 (base 16) to base 7
-516
-6a00 (base 16) to base 6
-325344
What is -559 (base 11) in base 10?
-669
Convert -111202 (base 5) to base 2.
-111101010111
Convert -10433 (base 9) to base 16.
-1b03
What is -39092 (base 10) in base 14?
-10364
Convert 312101 (base 4) to base 6.
24025
Convert 767b (base 13) to base 7.
66043
Convert 102302 (base 4) to base 5.
14302
7629 (base 11) to base 13
477c
What is -23546 (base 9) in base 15?
-4a06
What is a2b4 (base 12) in base 6?
213544
What is -a91 (base 15) in base 8?
-4522
-9a08 (base 12) to base 2
-100001001101000
What is 45cc (base 14) in base 12?
7034
-1c7 (base 13) to base 15
-172
What is -4134 (base 5) in base 3?
-202011
What is -62663 (base 7) in base 2?
-11110001000111
What is -1456 (base 10) in base 14?
-760
1115551 (base 6) to base 7
325144
Convert 10000100 (base 2) to base 12.
b0
Convert -a36 (base 14) to base 2.
-11111011000
What is 1011001111 (base 2) in base 13?
434
What is -593 (base 11) in base 10?
-707
-1010000010110111 (base 2) to base 12
-1b987
What is -566 (base 13) in base 15?
-41e
What is -54 (base 11) in base 3?
-2012
Convert -221 (base 7) to base 9.
-135
What is -12133 (base 5) in base 10?
-918
-211021 (base 4) to base 5
-34002
Convert 1010000100010010 (base 2) to base 15.
c33e
What is 19b3 (base 15) in base 8?
12700
5273 (base 11) to base 16
1b41
Convert -33010 (base 6) to base 8.
-10676
-120002 (base 3) to base 4
-12113
What is -250 (base 9) in base 10?
-207
340101 (base 6) to base 4
12332011
Convert -a66a (base 16) to base 8.
-123152
What is 2121 (base 3) in base 2?
1000110
66 (base 13) to base 12
70
Convert -51253 (base 7) to base 3.
-122010101
Convert 43a (base 11) to base 12.
37b
What is -1266 (base 16) in base 4?
-1021212
Convert 87 (base 14) to base 10.
119
What is -1011100110100 (base 2) in base 12?
-3530
What is 2140 (base 8) in base 11?
929
-1010011010011 (base 2) to base 9
-7273
Convert 4001 (base 13) to base 7.
34424
Convert -12154 (base 11) to base 15.
-52a8
What is -162305 (base 7) in base 16?
-7d33
157071 (base 8) to base 6
1115213
What is -535 (base 6) in base 16?
-cb
103000 (base 4) to base 13
727
What is -50a (base 16) in base 11?
-a73
Convert -28a4 (base 12) to base 15.
-1607
371 (base 12) to base 6
2221
1763 (base 12) to base 11
2126
What is -1002210 (base 3) in base 16?
-324
-1008 (base 11) to base 2
-10100111011
Convert -230000 (base 4) to base 14.
-1052
134d (base 16) to base 12
2a39
What is 77c (base 16) in base 14?
9ac
2101002 (base 3) to base 2
11011000010
Convert -3330 (base 6) to base 10.
-774
What is 1011110011 (base 2) in base 6?
3255
Convert 27119 (base 10) to base 2.
110100111101111
Convert 131 (base 13) to base 15.
de
-32a4 (base 14) to base 8
-21100
6165 (base 7) to base 16
86a
-26c (base 14) to base 10
-488
Convert 73 (base 13) to base 7.
163
What is 10011022 (base 3) in base 5?
33203
-22022322 (base 4) to base 8
-121272
Convert -1112014 (base 5) to base 14.
-7226
1a6 (base 12) to base 2
100001110
What is 24d (base 15) in base 9?
641
What is 6702 (base 9) in base 5?
124233
11211102 (base 3) to base 16
dc1
What is 123 (base 13) in base 12?
146
What is 6411 (base 9) in base 5?
122313
What is 30122030 (base 4) in base 16?
c68c
-200020 (base 3) to base 14
-272
What is -400 (base 15) in base 11?
-749
-681 (base 9) to base 12
-3a7
What is -122 (base 12) in base 8?
-252
12a (base 14) to base 6
1030
What is 2233 (base 7) in base 13?
4a2
-677 (base 11) to base 8
-1452
What is 444614 (base 7) in base 2?
10011001010101101
-1781 (base 14) to base 13
-1c04
10624 (base 9) to base 8
15635
-1002121 (base 3) to base 11
-667
What is a9 (base 15) in base 5?
1114
Convert 1210000 (base 4) to base 12.
3854
Convert -3f9 (base 16) to base 5.
-13032
-4152 (base 15) to base 5
-420202
-235 (base 9) to base 4
-3002
Convert 1607 (base 10) to base 16.
647
What is 102001202 (base 3) in base 12?
4802
What is -545 (base 7) in base 15?
-138
Convert -1b237 (base 15) to base 3.
-11111001121
Convert -22c8 (base 16) to base 7.
-34650
Convert 157 (base 14) to base 8.
421
-101122 (base 4) to base 13
-679
-34 (base 9) to base 5
-111
417 (base 10) to base 2
110100001
What is 31486 (base 11) in base 16?
b308
What is -12121211 (base 3) in base 2?
-1000000000011
Convert 940 (base 13) to base 14.
805
What is 131133 (base 4) in base 14?
98b
What is -1403 (base 5) in base 10?
-228
Convert 14367 (base 11) to base 8.
47661
Convert -46aa (base 12) to base 11.
-5a38
Convert -10733 (base 8) to base 2.
-1000111011011
What is -9f0 (base 16) in base 10?
-2544
Convert -1200001 (base 6) to base 8.
-171401
Convert 100110100010 (base 2) to base 8.
4642
Convert 1000 (base 5) to base 3.
11122
What is -3214 (base 5) in base 15?
-1de
What is 174e (base 15) in base 5?
130044
Convert 11164 (base 7) to base 11.
2151
Convert 1a0 (base 13) to base 12.
20b
What is 4759 (base 11) in base 10?
6235
Convert 2fca (base 16) to base 9.
17703
Convert -744 (base 15) to base 14.
-851
Convert -236 (base 14) to base 5.
-3230
11012102 (base 3) to base 9
4172
What is a031 (base 14) in base 10?
27483
2957 (base 10) to base 15
d22
Convert 312 (base 6) to base 16.
74
Convert -2122011 (base 3) to base 7.
-5413
64631 (base 8) to base 11
19346
What is -211100 (base 3) in base 14?
-311
Convert -12041 (base 5) to base 2.
-1110000000
-107 (base 14) to base 5
-1303
What is -15224 (base 6) in base 4?
-212200
-18429 (base 11) to base 4
-12103030
Convert -1000111 (base 2) to base 14.
-51
What is -26164 (base 9) in base 5?
-1031020
-402443 (base 7) to base 15
-152cb
What is -42504 (base 7) in base 2?
-10100100101011
886 (base 11) to base 5
13222
What is 176 (base 10) in base 12?
128
2ff (base 16) to base 4
23333
Convert -52017 (base 10) to base 11.
-36099
What is -1523 (base 6) in base 4?
-12123
What is 11b5 (base 14) in base 11?
2368
What is -2606 (base 13) in base 4?
-1110212
What is 1012112021 (base 3) in base 8?
56241
What is -614 (base 7) in base 14?
-17b
Convert -578 (base 12) to base 5.
-11222
What is -96 (base 12) in base 14?
-82
Convert -1b8c (base 13) to base 3.
-12201112
Convert -10101101110000 (base 2) to base 7.
-44264
2cf (base 16) to base 5
10334
Convert 40300 (base 6) to base 3.
21021000
1764 (base 10) to base 6
12100
What is -300403 (base 5) in base 11?
-7137
102633 (base 7) to base 5
1032221
What is 143a8 (base 12) in base 5?
1400313
What is 3331210 (base 4) in base 2?
11111101100100
-111003 (base 4) to base 6
-10123
What is -50 (base 7) in base 3?
-1022
-301 (base 4) to base 3
-1211
390 (base 10) to base 9
473
-573 (base 15) to base 6
-5413
What is 22513 (base 11) in base 16?
7f33
Convert 322 (base 7) to base 4.
2203
111010010010 (base 2) to base 4
322102
Convert 6713 (base 9) to base 3.
20210110
What is 4858 (base 10) in base 5?
123413
What is -26 (base 12) in base 13?
-24
Convert 3420 (base 7) to base 6.
5423
What is -331034 (base 6) in base 11?
-19699
What is 48ab (base 16) in base 2?
100100010101011
73377 (base 9) to base 16
bd2b
Convert -25a (base 12) to base 7.
-1021
32002201 (base 4) to base 12
29341
16b8 (base 13) to base 14
1322
What is -50 (base 13) in base 10?
-65
What is 19091 (base 11) in base 7?
140621
Convert 1083 (base 9) to base 12.
570
Convert -421344 (base 6) to base 5.
-2042143
Convert 134c (base 13) to base 8.
5320
-8161 (base 14) to base 13
-a173
Convert -111011101 (base 2) to base 10.
-477
Convert -112020121 (base 3) to base 12.
-6014
What is 3b24 (base 16) in base 9?
22682
What is -3545 (base 9) in base 3?
-10121112
2610 (base 7) to base 15
45c
-d59 (base 15) to base 10
-3009
What is -44515 (base 8) in base 9?
-27660
-2281 (base 10) to base 6
-14321
What is 1d0a (base 14) in base 13?
254b
Convert -2033112 (base 4) to base 5.
-243144
3230122 (base 4) to base 10
15130
Convert 334 (base 9) to base 3.
101011
Convert 1743 (base 8) to base 10.
995
What is 1110111111 (base 2) in base 3?
1022112
Convert 66210 (base 10) to base 4.
100022202
Convert 51522 (base 6) to base 4.
1223222
What is -1011101101 (base